{"id":94,"date":"2023-06-02T21:37:46","date_gmt":"2023-06-02T19:37:46","guid":{"rendered":"https:\/\/kolbarkmlyny.powiatolkuski.pl\/?page_id=94"},"modified":"2023-06-02T22:33:38","modified_gmt":"2023-06-02T20:33:38","slug":"galeria","status":"publish","type":"page","link":"https:\/\/kolbarkmlyny.powiatolkuski.pl\/?page_id=94","title":{"rendered":"Galeria"},"content":{"rendered":"<div class=\"tiled-gallery type-rectangular tiled-gallery-unresized\" data-original-width=\"525\" data-carousel-extra='null' itemscope itemtype=\"http:\/\/schema.org\/ImageGallery\" > <div class=\"gallery-row\" style=\"width: 525px; height: 149px;\" data-original-width=\"525\" data-original-height=\"149\" > <div class=\"gallery-group images-1\" style=\"width: 263px; height: 149px;\" data-original-width=\"263\" data-original-height=\"149\" > <div class=\"tiled-gallery-item tiled-gallery-item-large\" itemprop=\"associatedMedia\" itemscope itemtype=\"http:\/\/schema.org\/ImageObject\"> <a href=\"https:\/\/i0.wp.com\/kolbarkmlyny.powiatolkuski.pl\/wp-content\/uploads\/2023\/06\/Stawy4.jpg?ssl=1\" border=\"0\" itemprop=\"url\" rel=\"lightbox[94]\"> <meta itemprop=\"width\" content=\"259\"> <meta itemprop=\"height\" content=\"145\"> <img class=\"\" data-attachment-id=\"101\" data-orig-file=\"https:\/\/kolbarkmlyny.powiatolkuski.pl\/wp-content\/uploads\/2023\/06\/Stawy4.jpg\" data-orig-size=\"1024,576\" data-comments-opened=\"\" data-image-meta=\"{&quot;aperture&quot;:&quot;0&quot;,&quot;credit&quot;:&quot;&quot;,&quot;camera&quot;:&quot;&quot;,&quot;caption&quot;:&quot;&quot;,&quot;created_timestamp&quot;:&quot;1685528638&quot;,&quot;copyright&quot;:&quot;&quot;,&quot;focal_length&quot;:&quot;0&quot;,&quot;iso&quot;:&quot;0&quot;,&quot;shutter_speed&quot;:&quot;0&quot;,&quot;title&quot;:&quot;&quot;,&quot;orientation&quot;:&quot;1&quot;}\" data-image-title=\"Stawy4\" data-image-description=\"\" data-medium-file=\"https:\/\/i0.wp.com\/kolbarkmlyny.powiatolkuski.pl\/wp-content\/uploads\/2023\/06\/Stawy4.jpg?fit=300%2C169&#038;ssl=1\" data-large-file=\"https:\/\/i0.wp.com\/kolbarkmlyny.powiatolkuski.pl\/wp-content\/uploads\/2023\/06\/Stawy4.jpg?fit=525%2C295&#038;ssl=1\" src=\"https:\/\/i0.wp.com\/kolbarkmlyny.powiatolkuski.pl\/wp-content\/uploads\/2023\/06\/Stawy4.jpg?w=259&#038;h=145&#038;ssl=1\" srcset=\"https:\/\/i0.wp.com\/kolbarkmlyny.powiatolkuski.pl\/wp-content\/uploads\/2023\/06\/Stawy4.jpg?w=1024&amp;ssl=1 1024w, https:\/\/i0.wp.com\/kolbarkmlyny.powiatolkuski.pl\/wp-content\/uploads\/2023\/06\/Stawy4.jpg?resize=300%2C169&amp;ssl=1 300w, https:\/\/i0.wp.com\/kolbarkmlyny.powiatolkuski.pl\/wp-content\/uploads\/2023\/06\/Stawy4.jpg?resize=768%2C432&amp;ssl=1 768w\" width=\"259\" height=\"145\" loading=\"lazy\" data-original-width=\"259\" data-original-height=\"145\" itemprop=\"http:\/\/schema.org\/image\" title=\"Stawy4\" alt=\"Stawy4\" style=\"width: 259px; height: 145px;\" \/> <\/a> <\/div> <\/div> <!-- close group --> <div class=\"gallery-group images-1\" style=\"width: 262px; height: 149px;\" data-original-width=\"262\" data-original-height=\"149\" > <div class=\"tiled-gallery-item tiled-gallery-item-large\" itemprop=\"associatedMedia\" itemscope itemtype=\"http:\/\/schema.org\/ImageObject\"> <a href=\"https:\/\/i0.wp.com\/kolbarkmlyny.powiatolkuski.pl\/wp-content\/uploads\/2023\/06\/Stawy3.jpg?ssl=1\" border=\"0\" itemprop=\"url\" rel=\"lightbox[94]\"> <meta itemprop=\"width\" content=\"258\"> <meta itemprop=\"height\" content=\"145\"> <img class=\"\" data-attachment-id=\"100\" data-orig-file=\"https:\/\/kolbarkmlyny.powiatolkuski.pl\/wp-content\/uploads\/2023\/06\/Stawy3.jpg\" data-orig-size=\"1024,576\" data-comments-opened=\"\" data-image-meta=\"{&quot;aperture&quot;:&quot;0&quot;,&quot;credit&quot;:&quot;&quot;,&quot;camera&quot;:&quot;&quot;,&quot;caption&quot;:&quot;&quot;,&quot;created_timestamp&quot;:&quot;1685528530&quot;,&quot;copyright&quot;:&quot;&quot;,&quot;focal_length&quot;:&quot;0&quot;,&quot;iso&quot;:&quot;0&quot;,&quot;shutter_speed&quot;:&quot;0&quot;,&quot;title&quot;:&quot;&quot;,&quot;orientation&quot;:&quot;1&quot;}\" data-image-title=\"Stawy3\" data-image-description=\"\" data-medium-file=\"https:\/\/i0.wp.com\/kolbarkmlyny.powiatolkuski.pl\/wp-content\/uploads\/2023\/06\/Stawy3.jpg?fit=300%2C169&#038;ssl=1\" data-large-file=\"https:\/\/i0.wp.com\/kolbarkmlyny.powiatolkuski.pl\/wp-content\/uploads\/2023\/06\/Stawy3.jpg?fit=525%2C295&#038;ssl=1\" src=\"https:\/\/i0.wp.com\/kolbarkmlyny.powiatolkuski.pl\/wp-content\/uploads\/2023\/06\/Stawy3.jpg?w=258&#038;h=145&#038;ssl=1\" srcset=\"https:\/\/i0.wp.com\/kolbarkmlyny.powiatolkuski.pl\/wp-content\/uploads\/2023\/06\/Stawy3.jpg?w=1024&amp;ssl=1 1024w, https:\/\/i0.wp.com\/kolbarkmlyny.powiatolkuski.pl\/wp-content\/uploads\/2023\/06\/Stawy3.jpg?resize=300%2C169&amp;ssl=1 300w, https:\/\/i0.wp.com\/kolbarkmlyny.powiatolkuski.pl\/wp-content\/uploads\/2023\/06\/Stawy3.jpg?resize=768%2C432&amp;ssl=1 768w\" width=\"258\" height=\"145\" loading=\"lazy\" data-original-width=\"258\" data-original-height=\"145\" itemprop=\"http:\/\/schema.org\/image\" title=\"Stawy3\" alt=\"Stawy3\" style=\"width: 258px; height: 145px;\" \/> <\/a> <\/div> <\/div> <!-- close group --> <\/div> <!-- close row --> <div class=\"gallery-row\" style=\"width: 525px; height: 149px;\" data-original-width=\"525\" data-original-height=\"149\" > <div class=\"gallery-group images-1\" style=\"width: 263px; height: 149px;\" data-original-width=\"263\" data-original-height=\"149\" > <div class=\"tiled-gallery-item tiled-gallery-item-large\" itemprop=\"associatedMedia\" itemscope itemtype=\"http:\/\/schema.org\/ImageObject\"> <a href=\"https:\/\/i0.wp.com\/kolbarkmlyny.powiatolkuski.pl\/wp-content\/uploads\/2023\/06\/Stawy5.jpg?ssl=1\" border=\"0\" itemprop=\"url\" rel=\"lightbox[94]\"> <meta itemprop=\"width\" content=\"259\"> <meta itemprop=\"height\" content=\"145\"> <img class=\"\" data-attachment-id=\"102\" data-orig-file=\"https:\/\/kolbarkmlyny.powiatolkuski.pl\/wp-content\/uploads\/2023\/06\/Stawy5.jpg\" data-orig-size=\"1024,576\" data-comments-opened=\"\" data-image-meta=\"{&quot;aperture&quot;:&quot;0&quot;,&quot;credit&quot;:&quot;&quot;,&quot;camera&quot;:&quot;&quot;,&quot;caption&quot;:&quot;&quot;,&quot;created_timestamp&quot;:&quot;1685521442&quot;,&quot;copyright&quot;:&quot;&quot;,&quot;focal_length&quot;:&quot;0&quot;,&quot;iso&quot;:&quot;0&quot;,&quot;shutter_speed&quot;:&quot;0&quot;,&quot;title&quot;:&quot;&quot;,&quot;orientation&quot;:&quot;1&quot;}\" data-image-title=\"Stawy5\" data-image-description=\"\" data-medium-file=\"https:\/\/i0.wp.com\/kolbarkmlyny.powiatolkuski.pl\/wp-content\/uploads\/2023\/06\/Stawy5.jpg?fit=300%2C169&#038;ssl=1\" data-large-file=\"https:\/\/i0.wp.com\/kolbarkmlyny.powiatolkuski.pl\/wp-content\/uploads\/2023\/06\/Stawy5.jpg?fit=525%2C295&#038;ssl=1\" src=\"https:\/\/i0.wp.com\/kolbarkmlyny.powiatolkuski.pl\/wp-content\/uploads\/2023\/06\/Stawy5.jpg?w=259&#038;h=145&#038;ssl=1\" srcset=\"https:\/\/i0.wp.com\/kolbarkmlyny.powiatolkuski.pl\/wp-content\/uploads\/2023\/06\/Stawy5.jpg?w=1024&amp;ssl=1 1024w, https:\/\/i0.wp.com\/kolbarkmlyny.powiatolkuski.pl\/wp-content\/uploads\/2023\/06\/Stawy5.jpg?resize=300%2C169&amp;ssl=1 300w, https:\/\/i0.wp.com\/kolbarkmlyny.powiatolkuski.pl\/wp-content\/uploads\/2023\/06\/Stawy5.jpg?resize=768%2C432&amp;ssl=1 768w\" width=\"259\" height=\"145\" loading=\"lazy\" data-original-width=\"259\" data-original-height=\"145\" itemprop=\"http:\/\/schema.org\/image\" title=\"Stawy5\" alt=\"Stawy5\" style=\"width: 259px; height: 145px;\" \/> <\/a> <\/div> <\/div> <!-- close group --> <div class=\"gallery-group images-1\" style=\"width: 262px; height: 149px;\" data-original-width=\"262\" data-original-height=\"149\" > <div class=\"tiled-gallery-item tiled-gallery-item-large\" itemprop=\"associatedMedia\" itemscope itemtype=\"http:\/\/schema.org\/ImageObject\"> <a href=\"https:\/\/i0.wp.com\/kolbarkmlyny.powiatolkuski.pl\/wp-content\/uploads\/2023\/06\/Stawy2.jpg?ssl=1\" border=\"0\" itemprop=\"url\" rel=\"lightbox[94]\"> <meta itemprop=\"width\" content=\"258\"> <meta itemprop=\"height\" content=\"145\"> <img class=\"\" data-attachment-id=\"99\" data-orig-file=\"https:\/\/kolbarkmlyny.powiatolkuski.pl\/wp-content\/uploads\/2023\/06\/Stawy2.jpg\" data-orig-size=\"1024,576\" data-comments-opened=\"\" data-image-meta=\"{&quot;aperture&quot;:&quot;0&quot;,&quot;credit&quot;:&quot;&quot;,&quot;camera&quot;:&quot;&quot;,&quot;caption&quot;:&quot;&quot;,&quot;created_timestamp&quot;:&quot;1685528539&quot;,&quot;copyright&quot;:&quot;&quot;,&quot;focal_length&quot;:&quot;0&quot;,&quot;iso&quot;:&quot;0&quot;,&quot;shutter_speed&quot;:&quot;0&quot;,&quot;title&quot;:&quot;&quot;,&quot;orientation&quot;:&quot;1&quot;}\" data-image-title=\"Stawy2\" data-image-description=\"\" data-medium-file=\"https:\/\/i0.wp.com\/kolbarkmlyny.powiatolkuski.pl\/wp-content\/uploads\/2023\/06\/Stawy2.jpg?fit=300%2C169&#038;ssl=1\" data-large-file=\"https:\/\/i0.wp.com\/kolbarkmlyny.powiatolkuski.pl\/wp-content\/uploads\/2023\/06\/Stawy2.jpg?fit=525%2C295&#038;ssl=1\" src=\"https:\/\/i0.wp.com\/kolbarkmlyny.powiatolkuski.pl\/wp-content\/uploads\/2023\/06\/Stawy2.jpg?w=258&#038;h=145&#038;ssl=1\" srcset=\"https:\/\/i0.wp.com\/kolbarkmlyny.powiatolkuski.pl\/wp-content\/uploads\/2023\/06\/Stawy2.jpg?w=1024&amp;ssl=1 1024w, https:\/\/i0.wp.com\/kolbarkmlyny.powiatolkuski.pl\/wp-content\/uploads\/2023\/06\/Stawy2.jpg?resize=300%2C169&amp;ssl=1 300w, https:\/\/i0.wp.com\/kolbarkmlyny.powiatolkuski.pl\/wp-content\/uploads\/2023\/06\/Stawy2.jpg?resize=768%2C432&amp;ssl=1 768w\" width=\"258\" height=\"145\" loading=\"lazy\" data-original-width=\"258\" data-original-height=\"145\" itemprop=\"http:\/\/schema.org\/image\" title=\"Stawy2\" alt=\"Stawy2\" style=\"width: 258px; height: 145px;\" \/> <\/a> <\/div> <\/div> <!-- close group --> <\/div> <!-- close row --> <div class=\"gallery-row\" style=\"width: 525px; height: 297px;\" data-original-width=\"525\" data-original-height=\"297\" > <div class=\"gallery-group images-1\" style=\"width: 525px; height: 297px;\" data-original-width=\"525\" data-original-height=\"297\" > <div class=\"tiled-gallery-item tiled-gallery-item-large\" itemprop=\"associatedMedia\" itemscope itemtype=\"http:\/\/schema.org\/ImageObject\"> <a href=\"https:\/\/i0.wp.com\/kolbarkmlyny.powiatolkuski.pl\/wp-content\/uploads\/2023\/06\/Stawy1.jpg?ssl=1\" border=\"0\" itemprop=\"url\" rel=\"lightbox[94]\"> <meta itemprop=\"width\" content=\"521\"> <meta itemprop=\"height\" content=\"293\"> <img class=\"\" data-attachment-id=\"98\" data-orig-file=\"https:\/\/kolbarkmlyny.powiatolkuski.pl\/wp-content\/uploads\/2023\/06\/Stawy1.jpg\" data-orig-size=\"1024,576\" data-comments-opened=\"\" data-image-meta=\"{&quot;aperture&quot;:&quot;0&quot;,&quot;credit&quot;:&quot;&quot;,&quot;camera&quot;:&quot;&quot;,&quot;caption&quot;:&quot;&quot;,&quot;created_timestamp&quot;:&quot;1685528533&quot;,&quot;copyright&quot;:&quot;&quot;,&quot;focal_length&quot;:&quot;0&quot;,&quot;iso&quot;:&quot;0&quot;,&quot;shutter_speed&quot;:&quot;0&quot;,&quot;title&quot;:&quot;&quot;,&quot;orientation&quot;:&quot;1&quot;}\" data-image-title=\"Stawy1\" data-image-description=\"\" data-medium-file=\"https:\/\/i0.wp.com\/kolbarkmlyny.powiatolkuski.pl\/wp-content\/uploads\/2023\/06\/Stawy1.jpg?fit=300%2C169&#038;ssl=1\" data-large-file=\"https:\/\/i0.wp.com\/kolbarkmlyny.powiatolkuski.pl\/wp-content\/uploads\/2023\/06\/Stawy1.jpg?fit=525%2C295&#038;ssl=1\" src=\"https:\/\/i0.wp.com\/kolbarkmlyny.powiatolkuski.pl\/wp-content\/uploads\/2023\/06\/Stawy1.jpg?w=521&#038;h=293&#038;ssl=1\" srcset=\"https:\/\/i0.wp.com\/kolbarkmlyny.powiatolkuski.pl\/wp-content\/uploads\/2023\/06\/Stawy1.jpg?w=1024&amp;ssl=1 1024w, https:\/\/i0.wp.com\/kolbarkmlyny.powiatolkuski.pl\/wp-content\/uploads\/2023\/06\/Stawy1.jpg?resize=300%2C169&amp;ssl=1 300w, https:\/\/i0.wp.com\/kolbarkmlyny.powiatolkuski.pl\/wp-content\/uploads\/2023\/06\/Stawy1.jpg?resize=768%2C432&amp;ssl=1 768w\" width=\"521\" height=\"293\" loading=\"lazy\" data-original-width=\"521\" data-original-height=\"293\" itemprop=\"http:\/\/schema.org\/image\" title=\"Stawy1\" alt=\"Stawy1\" style=\"width: 521px; height: 293px;\" \/> <\/a> <\/div> <\/div> <!-- close group --> <\/div> <!-- close row --> <\/div>\n","protected":false},"excerpt":{"rendered":"","protected":false},"author":1,"featured_media":0,"parent":0,"menu_order":5,"comment_status":"closed","ping_status":"closed","template":"","meta":{"om_disable_all_campaigns":false,"_monsterinsights_skip_tracking":false,"_monsterinsights_sitenote_active":false,"_monsterinsights_sitenote_note":"","_monsterinsights_sitenote_category":0},"aioseo_notices":[],"jetpack_sharing_enabled":true,"jetpack-related-posts":[{"id":10,"url":"https:\/\/kolbarkmlyny.powiatolkuski.pl\/?page_id=10","url_meta":{"origin":94,"position":0},"title":"Informacje","author":"admin","date":"10\/05\/2023","format":false,"excerpt":"Stawy Kolbark M\u0142ynyTeren, na kt\u00f3rym znajduj\u0105 si\u0119 ruiny starego m\u0142yna i stawy w Kolbarku M\u0142ynach jest terenem prywatnym. Na jego terenie obowi\u0105zuje regulamin. Je\u015bli wejdziesz na jego teren, to jest to jednoznaczne, \u017ce akceptujesz ten regulamin. Kliknij na link do regulaminu wst\u0119pu, by si\u0119 zapozna\u0107 z jego tre\u015bci\u0105 - \"Regulamin\u2026","rel":"","context":"Similar post","block_context":{"text":"Similar post","link":""},"img":{"alt_text":"","src":"","width":0,"height":0},"classes":[]}],"_links":{"self":[{"href":"https:\/\/kolbarkmlyny.powiatolkuski.pl\/index.php?rest_route=\/wp\/v2\/pages\/94"}],"collection":[{"href":"https:\/\/kolbarkmlyny.powiatolkuski.pl\/index.php?rest_route=\/wp\/v2\/pages"}],"about":[{"href":"https:\/\/kolbarkmlyny.powiatolkuski.pl\/index.php?rest_route=\/wp\/v2\/types\/page"}],"author":[{"embeddable":true,"href":"https:\/\/kolbarkmlyny.powiatolkuski.pl\/index.php?rest_route=\/wp\/v2\/users\/1"}],"replies":[{"embeddable":true,"href":"https:\/\/kolbarkmlyny.powiatolkuski.pl\/index.php?rest_route=%2Fwp%2Fv2%2Fcomments&post=94"}],"version-history":[{"count":4,"href":"https:\/\/kolbarkmlyny.powiatolkuski.pl\/index.php?rest_route=\/wp\/v2\/pages\/94\/revisions"}],"predecessor-version":[{"id":105,"href":"https:\/\/kolbarkmlyny.powiatolkuski.pl\/index.php?rest_route=\/wp\/v2\/pages\/94\/revisions\/105"}],"wp:attachment":[{"href":"https:\/\/kolbarkmlyny.powiatolkuski.pl\/index.php?rest_route=%2Fwp%2Fv2%2Fmedia&parent=94"}],"curies":[{"name":"wp","href":"https:\/\/api.w.org\/{rel}","templated":true}]}}